 f - 166, -w = 2*f - c. What is the tens digit of w?
8
Suppose -3*i - 2*c = -5*i - 52, -113 = 4*i + 5*c. What is the hundreds digit of -1 - 33/i - (-23646)/27?
8
Let i be -5782 + (90/6)/(-5) + -4. Let x = -3980 - i. What is the units digit of x?
9
Let f(k) be the first derivative of -k**3/3 + 7*k**2 + 29*k + 8. Let h be f(13). What is the tens digit of (-4)/h*3 - (-1236)/14?
8
Let t = 626 + 110. Suppose -3*u = 4*d - 2208, 4*u - 5*u = -d - t. What is the tens digit of u?
3
Let f = -66 + 161. Let i = f - -240. What is the units digit of i?
5
Suppose -100 = -27*c + 8. Suppose 2*r = r - 3*p + 155, r + c*p = 157. What is the units digit of r?
9
Let r be ((1725/(-20))/15)/((-4)/16). What is the tens digit of (-80 - 2)/(r/(-276))?
8
What is the tens digit of (-4 + (-73588)/6)/(2/(-12)*2)?
0
Suppose -o + 2*f = 11, f = 8*o - 6*o + 34. Let d(u) = 2*u**2 + 11*u + 67. What is the tens digit of d(o)?
8
Let o(n) = 58*n**3 + n**2 - 2*n. Let m be o(1). Let p = m - -97. Let x = p - 70. What is the tens digit of x?
8
Suppose -3*j = 0, -3*i + 0 = 4*j + 6. What is the hundreds digit of i/7 + (5448/56 - -8)?
1
Suppose 52 + 8 = 6*r. What is the units digit of ((-65)/r)/(5/(-50))?
5
What is the units digit of -734*5*8/(-40)?
4
Let w(o) = 93*o**2 + 218*o - 3337. What is the thousands digit of w(15)?
0
Let q(s) = 6*s + 11. Let x be q(0). What is the tens digit of 370 + x/((-66)/12)?
6
What is the units digit of 12/27 - (-1970612)/63 - (-3 + -1)?
4
Let t(z) = 6*z**2 + 5*z + 3. Let s be t(-1). Suppose w = 5*w - 4*l - 676, s*l - 809 = -5*w. What is the units digit of w?
5
Suppose -1476 = -12*u + 132. Let r = u + -81. What is the units digit of r?
3
Let g be (-12)/(-15) - 16/(-5). Let j be 4*1 + (g - (-5)/(-1)). Suppose 0 = j*n + 5*m - 3*m - 111, 4*n - 5*m = 148. What is the units digit of n?
7
Let k = -373 - -345. What is the hundreds digit of (-8)/k + -1 + 3995/7?
5
Suppose -51 = -3*a + 5*l, -l = -a - 2*l + 17. Suppose -16*i - 205 = -a*i. What is the units digit of i?
5
Let g = 22 + -20. Let i(s) = 22 - 9*s - 52 - 2*s**g + 20 - s**3. What is the units digit of i(-5)?
0
Let w(g) = -26*g - 84. Let i be w(-22). Suppose -4*o + i = -372. What is the units digit of o?
5
Let v(g) be the third derivative of g**6/120 - 7*g**5/60 - 7*g**4/24 + 5*g**3/2 + 12*g**2. Let k be v(9). What is the tens digit of ((-14)/4)/(-7)*k?
5
Let o be (114/18 + -6)*(50 - 2). What is the hundreds digit of o/(-4) + 6 + 244?
2
Let i(x) = -13*x - 204. Let n be i(-16). Suppose q = n*r - 2472, -1140 - 737 = -3*r - 5*q. What is the tens digit of r?
1
Let w = -378 + 406. Suppose -3*p = -1 - 26. What is the units digit of ((-987)/w)/(p/(-24))?
4
Let z(f) = -3*f**3 + 64*f**2 - 76*f - 169. Let m(s) = -2*s**3 + 43*s**2 - 50*s - 113. Let b(j) = 8*m(j) - 5*z(j). What is the units digit of b(23)?
0
Suppose -s + 28 = -3*i, 5*s = 4*i + s + 48. Let b be (-6)/3 + 4/i*-206. Let h = 18 + b. What is the units digit of h?
9
Let j(x) = -1 - 19*x - 10 - 22. What is the tens digit of j(-11)?
7
Let g(t) = -18 - 117 + 16 + 95*t + 3. What is the hundreds digit of g(5)?
3
Suppose 4 = 5*g - 6, -2*a = -3*g - 802. Let f = 772 - a. What is the tens digit of f?
6
Let m(b) = 6*b**2 + 2*b - 1. Suppose 7*i = 17*i - 10. Let t be m(i). Suppose 39 = t*w - 4*w. What is the tens digit of w?
1
Let s(n) = 59*n**2 + 87*n - 1357. What is the thousands digit of s(17)?
7
Suppose 18*m + 62610 = 3*j, -m - 25 + 30 = 0. What is the units digit of j?
0
Suppose -5*o = -3*u + 1 + 34, o = -3*u + 11. What is the tens digit of (78/u)/((-53)/55 + 1)?
2
Let u(f) = 3*f**2 + 12*f. Let l be u(-6). What is the hundreds digit of l/(-126) + (-1)/14*-13318?
9
What is the units digit of (505715/21 + -11)*(-39)/(-26)?
6
Suppose 5*v - 179 = 2*s, -s = -5*v - 2*s + 188. Let z = 82 - v. Suppose -q = -3*m - 0*q + z, -5*q - 33 = -3*m. What is the tens digit of m?
1
Let a = 13906 + 7138. What is the thousands digit of a?
1
What is the tens digit of 2/(27 + 1) - (-90135795)/1358?
7
Let l(k) = -24*k + 16. Let m be l(-3). Suppose 5*y - 7*y - m = 0. What is the tens digit of (1397/y)/(2/(-8))?
2
Suppose 0 = 2*m - 6. Suppose 2*n - 78 = -s, 2*s + s - 120 = -m*n. Let j = 14 + n. What is the units digit of j?
2
Let u(g) = 0*g - 6 + 14*g + 11*g**2 - 21*g**2 + 12*g**2. What is the tens digit of u(6)?
5
Let w(t) = 3*t + 16. Let h = -23 - -25. Suppose -h*j = -4*j + 34. What is the units digit of w(j)?
7
Suppose -4*t - 62 = 2*i + 24, 0 = 3*t + i + 64. Let z be (-132)/t - ((-120)/(-28) - 4). Suppose 92 = z*a - 322. What is the units digit of a?
9
Let b(w) = 3*w**2 - 5*w - 6. Let v be b(-2). Let a be (-3)/(-2*12/v). Suppose 100 + 228 = 4*g - a*u, 0 = -g + 4*u + 82. What is the units digit of g?
2
Suppose -281*b + 5622 = -280*b + a, 2*a + 10 = 0. What is the thousands digit of b?
5
Let r(b) = 3*b**3 + 18*b**2 + 96*b + 7. What is the tens digit of r(18)?
6
Suppose 20*p - 8053 - 15447 = 0. What is the units digit of p?
5
What is the ten thousands digit of (15234/8)/((-2)/12 - (-23)/92)?
2
Let k be ((-105)/10 - -2)*2. Let h = k - -17. Suppose -w + 4*n + 46 = -h*w, -3*w + 123 = 3*n. What is the tens digit of w?
4
Suppose 0 = -2*n + 5*t + 18, 2*t = 4*n - 56 - 12. Let c = -1 + n. What is the units digit of ((-45)/c)/((-10)/8)?
2
Suppose -3*x - 4890 = 2*x. Let f be x/(-9) - (-6)/(-9). Suppose -l - 3*z = -f, z + z - 296 = -3*l. What is the units digit of l?
6
Let h(q) = -q**3 + 19*q**2 - 28*q - 41. Let d be h(15). Let w(r) = -251*r - 1. Let m be w(-2). Suppose -4*x + d = -m. What is the units digit of x?
5
Let o = 35586 + -18332. What is the hundreds digit of o?
2
Let z(l) = l**3 - 4*l**2 - 4*l + 5. Let u be z(5). Suppose 50 = u*h + 10. Suppose -h*n + 57 = -5*y - 190, -5*y = 5*n - 365. What is the units digit of n?
8
Suppose -4*m + 2862 = -3*f, 5*m - 250*f - 3561 = -249*f. What is the hundreds digit of m?
7
Let d be 24/27*-6*15/10. What is the tens digit of -302*(5/20)/(4/d)?
5
Let f(t) = 62*t**3 + 7*t**2 + 30*t + 1. What is the ten thousands digit of f(10)?
6
Let t(a) = -3*a**3 - 4*a**2 - 2*a + 1. Let v = 153 + -104. Let g = -51 + v. What is the units digit of t(g)?
3
Let x(y) = 19*y**3 - 6*y**2 + 5*y - 50. What is the tens digit of x(5)?
0
Let o = 7027 - 5976. What is the units digit of o?
1
Let g(i) = -9*i - 87. Let l be g(-10). Suppose 2*z - 6*z + 24 = 0. Suppose -z*p + l*p + 300 = 0. What is the hundreds digit of p?
1
What is the units digit of 9 - (4 - -9 - 4972)?
8
Let l = -362 + 359. Let r(y) = -56*y - 89. What is the units digit of r(l)?
9
Suppose -123 = -32*b + 5. Let n(m) = -22*m + 116. What is the tens digit of n(b)?
2
Let i(b) = -121*b + 63. Let f(m) = 60*m - 31. Let y(q) = -5*f(q) - 3*i(q). What is the hundreds digit of y(7)?
4
Let q = 3 + 3. Let n be (1/3)/(q/36) + 37. Let r = 77 - n. What is the units digit of r?
8
Let x(f) = 1196*f**2 + 521*f + 1575. What is the units digit of x(-3)?
6
Let u(i) = -i**2 + i + 449. Let b be u(0). Let k = b - 239. Suppose 3*r - k = -0*r. What is the tens digit of r?
7
Let g = 19059 + -10618. What is the units digit of g?
1
Let w(o) = -o + 6. Let s be w(6). Let j = 735 - 690. What is the units digit of (j/(-12))/(s - (-1)/(-32))?
0
Let q(i) = -4*i + i - 53*i**3 + 96*i**3 + 4. What is the units digit of q(1)?
4
Suppose 19*d - 20*d = -4. Suppose 2 = 3*l - 4*l - d*t, -4*t = -4*l + 12. What is the tens digit of 662/12 + l/(-12)?
5
Let r = 4940 - 3172. What is the hundreds digit of r?
7
What is the hundreds digit of (7 - 42/(-6))*25425/18?
7
Let d be 217*(4 + 26/(-7)). Let c = -76 + d. Let h(b) = b**3 + 15*b**2 + 12*b + 35. What is the units digit of h(c)?
3
Let n = -160 + 107. Let r = n - -55. What is the units digit of 163/r + (3 - 42/12)?
1
Suppose -s - 4*n = n, 7 = -s + 2*n. Let f(t) = 14*t**2 - 7*t - 21. What is the tens digit of f(s)?
6
Let b = -4 + 64. Suppose 5*f + 2*h - 184 = 0, 4*f - 2*h - b = 80. What is the tens digit of f?
3
Suppose -5*h = -2*l + 11822, 4*l + 4695 = -h + 28339. What is the thousands digit of l?
5
Suppose 0 = 23*k + 13225 - 159114. What is the hundreds digit of k?
3
Let o = 109 + -359. Let l = -136 - o. Let m = 191 - l. What is the units digit of m?
7
Let z be (-2)/(-14)*0 + 537. Let p = 1358 - z. What is the units digit of p?
1
Let i(z) = 2*z - 17. Let n be i(11). Suppose -s = -6 + n. Let x(v) = 91*v**2 + 3*v - 4. What is 